s of 1023407.
7, 11, 13291
List the prime factors of 1873531.
11, 181, 941
What are the prime factors of 151455?
3, 5, 23, 439
What are the prime factors of 544281?
3, 419, 433
List the prime factors of 302687.
7, 11, 3931
List the prime factors of 22782951.
3, 29, 53, 61
What are the prime factors of 3362822?
2, 1681411
What are the prime factors of 93965?
5, 18793
List the prime factors of 1248719.
181, 6899
List the prime factors of 122653.
122653
What are the prime factors of 170945?
5, 179, 191
List the prime factors of 201045.
3, 5, 13, 1031
What are the prime factors of 274935?
3, 5, 18329
What are the prime factors of 11733088?
2, 373, 983
What are the prime factors of 310394?
2, 7, 22171
What are the prime factors of 2037550?
2, 5, 40751
List the prime factors of 1182812.
2, 295703
List the prime factors of 3315627.
3, 7, 53, 331
List the prime factors of 442587.
3, 31, 4759
What are the prime factors of 180704?
2, 5647
What are the prime factors of 91092?
2, 3, 7591
What are the prime factors of 436500?
2, 3, 5, 97
What are the prime factors of 2998780?
2, 5, 149939
List the prime factors of 293012.
2, 17, 31, 139
List the prime factors of 4565758.
2, 17, 134287
List the prime factors of 52558.
2, 11, 2389
List the prime factors of 110907.
3, 12323
What are the prime factors of 1233293?
1039, 1187
What are the prime factors of 21947887?
13, 1688299
What are the prime factors of 94683?
3, 37, 853
List the prime factors of 145668.
2, 3, 61, 199
List the prime factors of 5300474.
2, 2650237
List the prime factors of 560179.
560179
List the prime factors of 944140.
2, 5, 47207
List the prime factors of 711518.
2, 17, 1231
List the prime factors of 98842.
2, 73, 677
List the prime factors of 130221.
3, 7, 13, 53
List the prime factors of 19172121.
3, 19, 336353
List the prime factors of 291187.
13, 1723
What are the prime factors of 16301532?
2, 3, 13, 83, 1259
What are the prime factors of 3769673?
3769673
What are the prime factors of 21392178?
2, 3, 53, 67271
List the prime factors of 4197147.
3, 17, 47, 103
What are the prime factors of 3628828?
2, 7, 29, 41, 109
What are the prime factors of 786511?
11, 127, 563
What are the prime factors of 1626488?
2, 203311
What are the prime factors of 3776208?
2, 3, 151, 521
What are the prime factors of 447866?
2, 151, 1483
List the prime factors of 11866693.
11866693
List the prime factors of 2473541.
7, 449, 787
List the prime factors of 2476495.
5, 7, 173, 409
List the prime factors of 14230267.
83, 171449
List the prime factors of 1828353.
3, 61, 97, 103
What are the prime factors of 455002?
2, 227501
What are the prime factors of 1921692?
2, 3, 160141
What are the prime factors of 299380?
2, 5, 14969
What are the prime factors of 1360207?
1360207
List the prime factors of 1082290.
2, 5, 11, 9839
What are the prime factors of 602324?
2, 23, 6547
List the prime factors of 7069178.
2, 17, 19, 31, 353
What are the prime factors of 1293664?
2, 40427
List the prime factors of 948505.
5, 189701
What are the prime factors of 43453935?
3, 5, 7, 6569
List the prime factors of 1082980.
2, 5, 173, 313
What are the prime factors of 962666?
2, 37, 13009
List the prime factors of 243010.
2, 5, 19, 1279
List the prime factors of 1481948.
2, 13, 28499
List the prime factors of 19760158.
2, 11, 898189
What are the prime factors of 40020?
2, 3, 5, 23, 29
List the prime factors of 572272.
2, 47, 761
What are the prime factors of 1693402?
2, 157, 5393
What are the prime factors of 192936?
2, 3, 8039
List the prime factors of 2113583.
2113583
List the prime factors of 2020908.
2, 3, 168409
List the prime factors of 1708238.
2, 7, 17431
What are the prime factors of 21018730?
2, 5, 2101873
List the prime factors of 3212578.
2, 1606289
What are the prime factors of 782307?
3, 86923
List the prime factors of 3101310.
2, 3, 5, 17, 2027
What are the prime factors of 5229195?
3, 5, 89, 3917
What are the prime factors of 1357992?
2, 3, 6287
List the prime factors of 8960112.
2, 3, 7, 2963
List the prime factors of 2978116.
2, 257, 2897
List the prime factors of 1303119.
3, 144791
What are the prime factors of 329204?
2, 82301
List the prime factors of 1302252.
2, 3, 7, 37, 419
List the prime factors of 455355.
3, 5, 3373
What are the prime factors of 113231?
199, 569
List the prime factors of 9682340.
2, 5, 484117
List the prime factors of 18279589.
71, 257459
What are the prime factors of 3677245?
5, 11, 13, 37, 139
What are the prime factors of 361882?
2, 23, 7867
List the prime factors of 148821.
3, 113, 439
What are the prime factors of 1062435?
3, 5, 11, 47, 137
What are the prime factors of 672717?
3, 224239
List the prime factors of 3865585.
5, 773117
What are the prime factors of 114902?
2, 73, 787
List the prime factors of 897581.
897581
List the prime factors of 417436.
2, 79, 1321
List the prime factors of 2739113.
13, 47, 4483
List the prime factors of 4878186.
2, 3, 109, 7459
List the prime factors of 2051655.
3, 5, 136777
List the prime factors of 1256386.
2, 628193
List the prime factors of 10747574.
2, 29, 185303
List the prime factors of 2739129.
3, 31, 29453
What are the prime factors of 2382741?
3, 264749
What are the prime factors of 293259?
3, 67, 1459
What are the prime factors of 467742?
2, 3, 11, 19, 373
List the prime factors of 1065174.
2, 3, 11, 16139
List the prime factors of 697193.
7, 137, 727
List the prime factors of 1188860.
2, 5, 59443
What are the prime factors of 647486?
2, 7, 6607
What are the prime factors of 6547165?
5, 659, 1987
What are the prime factors of 74196?
2, 3, 229
List the prime factors of 165902.
2, 11, 7541
What are the prime factors of 6058632?
2, 3, 252443
What are the prime factors of 466405?
5, 93281
List the prime factors of 335049.
3, 11, 13, 71
What are the prime factors of 677826?
2, 3, 37657
List the prime factors of 29690717.
7, 605933
List the prime factors of 648563.
648563
What are the prime factors of 281167?
281167
What are the prime factors of 35352642?
2, 3, 13, 453239
List the prime factors of 319243.
17, 89, 211
What are the prime factors of 3243358?
2, 1621679
List the prime factors of 14955813.
3, 553919
List the prime factors of 6993566.
2, 131, 26693
What are the prime factors of 2559276?
2, 3, 2633
What are the prime factors of 4381859?
4381859
List the prime factors of 2834929.
797, 3557
What are the prime factors of 4757456?
2, 11, 27031
List the prime factors of 104282.
2, 23, 2267
List the prime factors of 1092489.
3, 53, 6871
List the prime factors of 37542215.
5, 7508443
List the prime factors of 282158.
2, 141079
What are the prime factors of 5420221?
313, 17317
List the prime factors of 4872501.
3, 180463
List the prime factors of 2220218.
2, 7, 11, 13, 1109
What are the prime factors of 645709?
41, 15749
List the prime factors of 136308.
2, 3, 37, 307
What are the prime factors of 1267626?
2, 3, 211271
What are the prime factors of 1583591?
1583591
List the prime factors of 845724.
2, 3, 11, 43, 149
What are the prime factors of 764400?
2, 3, 5, 7, 13
What are the prime factors of 3127266?
2, 3, 71, 2447
List the prime factors of 216012.
2, 3, 47, 383
List the prime factors of 227766.
2, 3, 7, 11, 17, 29
What are the prime factors of 448573?
607, 739
List the prime factors of 10319.
17, 607
What are the prime factors of 11106568?
2, 11, 126211
What are the prime factors of 1459257?
3, 19, 25601
List the prime factors of 200231.
200231
List the prime factors of 239829.
3, 79943
What are the prime factors of 298110?
2, 3, 5, 19, 523
What are the prime factors of 1200551?
11, 109141
List the prime factors of 17698881.
3, 5899627
What are the prime factors of 492385?
5, 19, 71, 73
List the prime factors of 294661.
17, 17333
What are the prime factors of 3556889?
7, 127, 4001
List the prime factors of 27498522.
2, 3, 4583087
List the prime factors of 112459.
112459
List the prime factors of 641087.
17, 43, 877
What are the prime factors of 649894?
2, 7, 61, 761
What are the prime factors of 66451?
7, 11, 863
List the prime factors of 113910.
2, 3, 5, 3797
What are the prime factors of 4826258?
2, 569, 4241
What are the prime factors of 875302?
2, 437651
What are the prime factors of 667922?
2, 521, 641
List the prime factors of 17433